 10?
True
Suppose 0*u = u - 95. Does 26 divide u?
False
Let y(s) = s**3 - 4*s**2 - 3*s + 1. Is 5 a factor of y(5)?
False
Let p = 53 - 25. Suppose 3*a = 4*o + 7 + 3, 2*o = -4*a + p. Let x(c) = c**3 - 4*c**2 - 9*c + 6. Does 5 divide x(a)?
False
Let g(q) = q**3 - q. Let f(s) = -5*s**3 + 6*s**2 + 9*s - 4. Let z(j) = f(j) + 6*g(j). Is 16 a factor of z(-4)?
True
Does 5 divide (-1 - 0)*-22 + -2?
True
Let q(z) = z**3 + 8*z**2 + 10*z + 6. Is 10 a factor of q(-5)?
False
Suppose -8*q + 2113 - 625 = 0. Is 45 a factor of q?
False
Let j = -5 + 23. Let x = 25 - j. Is x a multiple of 7?
True
Let x(y) = -y**3 + y**2 + y + 24. Suppose -3*i + 6 = -2*a, 4*i - 4 = 2*a + 2. Does 12 divide x(i)?
True
Let u = 9 + -4. Suppose -u*f + 90 = -25. Suppose k - f = 1. Is k a multiple of 12?
True
Suppose 2*q + 3 = -s, 17 = -6*s + 3*s + 2*q. Let m(l) = -l**3 - 3*l + 5. Let d be m(s). Suppose -4*b = 2*x + x - d, -8 = -2*b. Does 12 divide x?
False
Let y(q) = -q**2 - 9*q - 8. Let a be y(-8). Suppose 7*f - 3*f - 128 = a. Does 16 divide f?
True
Suppose -2*f = -3*t + 11, t - 4*f - 3 = -3*f. Suppose -6*l + t*a + 39 = -2*l, -4*a + 59 = 5*l. Is l a multiple of 7?
False
Let v be (-12)/(-24) - 42/4. Is 11 a factor of (-32)/5*v/4?
False
Suppose -5*y = -4*x + 1525, -806 = -5*x + 4*y + 1107. Is 42 a factor of x?
False
Suppose 4*a - 285 = -5*f, -a + 145 = 4*f - 72. Is 43 a factor of f?
False
Let y = -57 + 192. Is 9 a factor of y?
True
Suppose 4*j = 5*f + 245, 3*j + 2*j + f = 299. Is 12 a factor of j?
True
Let v = 36 + -6. Is 15 a factor of v?
True
Let x = 55 - 45. Is x a multiple of 7?
False
Let n(p) = p**2 + 3*p + 5. Let s be n(5). Suppose -4*q = -2*c - 3*c + 30, 3*c - s = -3*q. Is (-36)/6*c/(-4) a multiple of 15?
True
Let k be (-4)/14 - 30/(-7). Let z = k + 0. Suppose -3*q = -12, 2*q = -z*l + 6*q + 4. Does 2 divide l?
False
Suppose -z = -51 - 29. Does 16 divide z?
True
Let l(n) = n**2 + 4. Let o be l(5). Let t = o + -15. Suppose 0 = -2*b + 16 + t. Does 15 divide b?
True
Let b be (-4)/10*(-4 - 1). Suppose 41 = b*m + 5*f, 2*m = -2*m - f + 91. Is m a multiple of 11?
False
Let b = 386 + -230. Is b a multiple of 41?
False
Suppose 0*k - 3*k = -159. Suppose 0 = 2*d - k - 11. Suppose -5*s + 160 = -n, s + 4*n - d = 2*n. Is 16 a factor of s?
True
Suppose -5*y = -2*y + 5*r - 120, 200 = 5*y - 5*r. Does 4 divide y?
True
Let x = 87 - 61. Is x a multiple of 23?
False
Let j(x) = x**2 - 5. Let m be 3 + -1 + 2 + 0. Is 11 a factor of j(m)?
True
Suppose 5*r = r + 144. Is 18 a factor of -1 + (-1 - -2) + r?
True
Let w be 3 - (1 + 2/2). Let l be w/4 + (-15)/(-4). Is 13 a factor of (l/(-6))/(4/(-78))?
True
Let q = 24 + -18. Does 2 divide q?
True
Let i(y) = 2*y**3 - 4*y**2 + 3*y - 1. Let s be i(2). Let v(p) = -p + 4 - s*p**2 + 2*p**2 - 7*p**3 - 6. Is 18 a factor of v(-2)?
False
Let z = 3 + -9. Let n be 3*8/z + 0. Is (152/n)/(1 - 3) a multiple of 12?
False
Let b be 0*(10/(-4) - -2). Suppose 3*s - 5*s + 28 = b. Suppose -2*v = -0*v - s. Is 3 a factor of v?
False
Suppose 0 = 2*h - 9 - 3. Is 5 a factor of 62/h + (-10)/30?
True
Suppose -5*a - 83 = -4*b + 97, 0 = 5*a + 20. Suppose b = 5*d - d. Is 5 a factor of d?
True
Let u(j) = -j**3 + 5*j**2 + 6*j + 8. Let c be u(6). Suppose -c = -i - 3*i. Suppose w = i*w - 39. Does 17 divide w?
False
Suppose 0*v - 4*p + 52 = 2*v, -v + 24 = 3*p. Let i = -19 + v. Is 6 a factor of -3*3/(-9) + i?
True
Let p(n) = -4*n**3 + 9*n**2 - 9*n. Let s(u) = 5*u**3 - 10*u**2 + 10*u + 1. Let q(k) = -6*p(k) - 5*s(k). Let t be q(-5). Does 14 divide (1 + t - 7)*-3?
False
Does 16 divide (-6)/(-5)*(-480)/(-9)?
True
Is 10 a factor of (-6 - 1)*(-500)/70?
True
Let t be 2/(-2*3/3). Let o be t + -1 - 1 - 2. Let i = 19 + o. Is 6 a factor of i?
False
Let h = 14 + -33. Let c = 70 + h. Does 12 divide c?
False
Let k be (1 - 0)*(0 - 0). Suppose -s - 4*w + 32 = k, 2*w = 2*s - 2*w - 40. Is s a multiple of 10?
False
Suppose 2*q - 269 = l, -3*q - 2*l + 397 = 3*l. Is 19 a factor of q?
False
Suppose 3*y - 5 = -5*c + 29, -2 = -y + 3*c. Suppose -y - 2 = -2*n. Does 5 divide n?
True
Let y be (3/(-2))/((-12)/32). Suppose 5*o = y*b + 80, -4 = -4*o - 2*b + 86. Is o a multiple of 6?
False
Let w(m) = 3*m + 3. Is 34 a factor of w(18)?
False
Suppose 4*k = -0*k + 20. Suppose 3*j = 812 + 25. Suppose -j = -k*h - 29. Does 22 divide h?
False
Let f(g) = -121*g - 2. Is f(-2) a multiple of 15?
True
Let h(w) = 4*w**3 + 2*w**2 + w + 4. Let q be h(4). Is (q/4)/(1 + 1) a multiple of 14?
False
Suppose 0*k + 5*k + 3*r = -1320, 3*r + 264 = -k. Is k/(-56) + (-4)/(-14) even?
False
Let j(r) = -80*r - 2. Let m be j(-1). Let y = -51 + m. Is 9 a factor of y?
True
Is 16 a factor of 3630/40 + (-1)/(2*-2)?
False
Suppose -j - 3*j + 5*f = 5, 0 = 4*j + 2*f - 2. Suppose j = 6*s - 4*s - 32. Does 16 divide s?
True
Let h(k) = k**2 + 5*k + 9. Let n be h(-6). Suppose 0 = -4*a + 5*a - n. Is a a multiple of 4?
False
Suppose 0*n = 3*n + 4*x - 4, 3*n + 3*x = 9. Is 2 a factor of n?
True
Let t(c) = -2*c**3 - 8*c**2 + 3*c + 8. Let k be t(-6). Suppose 2*j = -0*j + k. Is j a multiple of 11?
False
Suppose 7*k - 2*k - 3*d = 3, 16 = 4*d. Suppose 0 = k*v - 12 - 18. Is 6/4 + 55/v a multiple of 5?
False
Let f(l) = 5*l. Does 7 divide f(5)?
False
Suppose -3*q - 3*q = 0. Suppose j - 62 - 5 = q. Is 20 a factor of j?
False
Let n = 3 + 1. Suppose n*q = -3*y + 9, q - 2*y + 5*y = -9. Let k(o) = o**2 - 2*o + 8. Is k(q) a multiple of 14?
False
Let q(f) = -9*f - 1. Let i be q(1). Let s = 8 - i. Is 14 a factor of s?
False
Let u(l) = 42*l**3 - 4*l**2 + 6*l - 6. Does 13 divide u(2)?
False
Suppose -w + 2*w - 50 = 5*a, -a = -5*w + 226. Suppose -5*y + w = -4*y. Is 20 a factor of y?
False
Suppose 0 = 5*u - 4*g - 224, -5*g = -2*u - 24 + 100. Let r = -11 + 24. Let m = u - r. Is 17 a factor of m?
False
Let c(s) = 7*s - 1. Let k be c(-2). Is 3 a factor of 126/15 + 6/k?
False
Let l be (15/(-2))/(6/(-64)). Suppose -5*m + l = -0*m. Does 7 divide m?
False
Let d(q) = 7*q**2 + q + 1. Let w be (-4)/2 - (2 - 3). Let v be d(w). Does 15 divide 177/v - (-2)/(-7)?
False
Suppose 0 = -6*z + 3*z + 36. Let f = 51 - z. Is 16 a factor of f?
False
Suppose 105 = -2*o + 7*o. Does 17 divide o?
False
Let u = -4 + 9. Suppose 0*y + 70 = u*p - 5*y, -4*p - y = -36. Is 4 a factor of p?
False
Let d = -135 + 87. Let t = 46 + -70. Let l = t - d. Is l a multiple of 8?
True
Suppose 34 = -5*y - 1. Let d(j) = -2*j**2 - 4*j + 1 + 10*j + 3*j**2. Does 4 divide d(y)?
True
Let g = -13 + 15. Suppose -g*d + 23 = -33. Is 7 a factor of d?
True
Suppose -3*u = -6 - 3. Suppose m - 30 = -4*q, -u*m - 4*q - 74 = -6*m. Is 26 a factor of m?
True
Let m = -5 - -4. Let k(y) = 10*y + 1. Let d be k(m). Does 12 divide (4/(-3) - 0)*d?
True
Let t = -169 - -244. Does 15 divide t?
True
Does 5 divide (-63)/(-6) + (-1)/2?
True
Suppose -16 = 4*l, 2*a - 11 - 15 = 5*l. Let g = 24 - 12. Suppose -a*w + g = -2*w. Is 12 a factor of w?
True
Let a = -61 + 87. Let u(d) = 2*d**3 + 3*d**2 - 3*d + 1. Let n be u(-3). Let j = n + a. Does 9 divide j?
True
Let q be (-26)/(-7) - 4/(-14). Suppose -65 = -q*b - 3*c, 0*c - 61 = -5*b + 3*c. Suppose -4*w + 70 = -b. Is 21 a factor of w?
True
Suppose 0 = 2*n + 2*k - 166, -5*k = -3*k + 2. Is 28 a factor of n?
True
Let u(z) = -3*z - 7. Let g be u(-4). Suppose g*l - 18 = 157. Does 18 divide l?
False
Let m(r) be the third derivative of r**5/30 - r**4/4 + 5*r**3/6 + 4*r**2. Is m(5) a multiple of 25?
True
Let g = -31 - -78. Let u(a) = -a**3 + 5*a**2 + 6*a + 4. Let v be u(5). Let o = g - v. Is 13 a factor of o?
True
Suppose -n + 2*w + 77 = 17, n - 4*w - 50 = 0. Is n a multiple of 10?
True
Suppose 0 = 4*d - 5*d + 2. Let v = 2 + d. Suppose 0 = v*t - q - 44, t - 1 = -2*q + 19. Does 7 divide t?
False
Let p(w) = 48*w**3 - 1. Is 11 a factor of p(1)?
False
Is 12 a factor of (-33)/(-2) - ((-4)/(-8) + -2)?
False
Let w(m) = -5*m**3 + 4*m**2 + 2*m + 6. Let l(a) = 0 + 2 - 4*a**2 + 4*a**3 - 2*a - 8. Let f(b) = 6*l(b) + 5*w(b). Is f(-4) a multiple of 2?
True
Let j be (-2)/(3/3) - -179. Suppose -n - 4*o + 72 = n, -3*o = -4*n + j. Is 14 a factor of n?
True
Suppose -3*b = -0*b - 15. Suppose -2*v + b*l + 72 = l, 2*l - 154 = -4*v. Is 10 a factor of v?
False
Suppose 5 + 3 = 4*b. Suppose -1 = -b*g + 3. Suppose -3*c - 8 = i, -2*i + 4 = i + g*c. Is i a multiple of 2?
True
Suppose -3*g - g - 24 = 0. Does 13 divide (g/9)/((-4)/234)?
True
Let a = -7 - -4. Let b(v) = -